{"id":344,"date":"2016-07-27T20:47:39","date_gmt":"2016-07-27T18:47:39","guid":{"rendered":"http:\/\/huesch.janna-live.de\/?page_id=344"},"modified":"2018-07-29T14:48:39","modified_gmt":"2018-07-29T12:48:39","slug":"tim-liebert","status":"publish","type":"page","link":"https:\/\/www.songs-of-heimat.de\/index.php\/tim-liebert\/","title":{"rendered":"Tim Liebert"},"content":{"rendered":"<h1 class=\"text\"><img loading=\"lazy\" decoding=\"async\" class=\"alignnone wp-image-345 size-medium\" src=\"https:\/\/www.songs-of-heimat.de\/wp-content\/uploads\/2016\/07\/DSC_2703-300x200.jpg\" alt=\"DSC_2703\" width=\"300\" height=\"200\" \/><\/h1>\n<h1 class=\"text\" style=\"text-align: justify;\"><strong><span style=\"font-family: verdana, geneva, sans-serif; font-size: 10pt;\"><span style=\"color: #800000;\">Bass- und Diskant-Waldzithern, Fl\u00f6te , Mundharmonika, Gesang<\/span> <\/span><\/strong><\/h1>\n<div class=\"text\">\n<p style=\"text-align: justify;\"><span style=\"font-family: verdana, geneva, sans-serif; font-size: 10pt; color: #000000;\">Aufgewachsen im Vogtland an der Grenze zwischen Th\u00fcringen und Sachsen, bekam <\/span><span style=\"font-family: verdana, geneva, sans-serif; font-size: 10pt; color: #000000;\"><span style=\"color: #800000;\"><strong>Tim Liebert<\/strong> <\/span>seine musikalische Pr\u00e4gung nicht nur durch die recht intakte Traditionspflege dieser Gegend, sondern auch durch den Folk-Revival der 80er Jahre. Nach ersten Gehversuchen mit deutscher Folk-Musik entwickelte er, v.a. durch einen l\u00e4ngeren Aufenthalt in den USA und die Zusammen<\/span><span style=\"font-family: verdana, geneva, sans-serif; font-size: 10pt; color: #000000;\">arbeit dort mit der Geigerin Mary-Ann McAllister, eine enorme Bandbreite an musikalischen Spielarten und geh\u00f6rt momentan wohl zu den umtriebigsten Vertretern der th\u00fcringisch-s\u00e4chsischen Folkszene. <\/span><\/p>\n<p style=\"text-align: justify;\"><span style=\"font-family: verdana, geneva, sans-serif; font-size: 10pt; color: #000000;\">Seit \u00fcber 20 Jahren ist er auf B\u00fchnen in Deutschland, aber auch im Ausland (Auftritte in Holland, D\u00e4nemark, der Schweiz und den USA) pr\u00e4sent und spielte bereits als Support f\u00fcr Wolfstone, Sean Tyrrell, Craobh Rua, Sands Family, Oyster Band und Norland Wind aber auch mit Bluegrass-Urgestein Dick Kimmel oder den Bluesbarden von Engerling und J\u00fcrgen Kerth. Er ist vorwiegend solistisch unterwegs sowie mit diversen Folkprojekten von denen eins im Jahr 2010 den &#8222;Eisernen Eversteiner&#8220; (Weltmusik-Preis) bekam. <\/span><br \/>\n<span style=\"font-family: verdana, geneva, sans-serif; font-size: 10pt; color: #000000;\">Besonders begeistert das Auditorium stets seine gro\u00dfe Spielfreude und Leichtig-keit und die Gabe, zu jedem St\u00fcck passende Geschichten zu kredenzen. Erw\u00e4hnenswert ist wohl auch das Programm &#8222;Kl\u00e4ngels Rowell&#8220;, das er mit seinen Kindern erarbeitet hat, welches sich auf den Ur-Gro\u00dfvater bezieht, der als trinkfester Cellist in der Tannaer Stadtkapelle musizierte &#8211; gelebte Tradition!\u00a0<\/span><\/p>\n<p>&nbsp;<\/p>\n<\/div>\n<div class=\"text\"><strong><span style=\"color: #800000; font-family: verdana, geneva, sans-serif; font-size: 10pt;\">Bisher ver\u00f6ffentlichte CDs:<\/span><\/strong><\/div>\n<div class=\"text\"><img loading=\"lazy\" decoding=\"async\" class=\"alignnone wp-image-355 size-full\" src=\"https:\/\/www.songs-of-heimat.de\/wp-content\/uploads\/2016\/07\/cd-tim5-1.jpg\" alt=\"cd-tim5\" width=\"140\" height=\"140\" \/> <img loading=\"lazy\" decoding=\"async\" class=\"alignnone wp-image-354\" src=\"https:\/\/www.songs-of-heimat.de\/wp-content\/uploads\/2016\/07\/cd-tim4-1.jpg\" alt=\"cd-tim4\" width=\"140\" height=\"140\" \/> <img loading=\"lazy\" decoding=\"async\" class=\"alignnone size-full wp-image-353\" src=\"https:\/\/www.songs-of-heimat.de\/wp-content\/uploads\/2016\/07\/cd-tim3-1.jpg\" alt=\"cd-tim3\" width=\"140\" height=\"140\" \/> <img loading=\"lazy\" decoding=\"async\" class=\"alignnone size-full wp-image-352\" src=\"https:\/\/www.songs-of-heimat.de\/wp-content\/uploads\/2016\/07\/cd-tim2-1.jpg\" alt=\"cd-tim2\" width=\"140\" height=\"140\" \/> <img loading=\"lazy\" decoding=\"async\" class=\"alignnone wp-image-351\" src=\"https:\/\/www.songs-of-heimat.de\/wp-content\/uploads\/2016\/07\/cd-tim1-1-150x150.jpg\" alt=\"cd-tim1\" width=\"140\" height=\"138\" \/><\/div>\n<div class=\"text\"><strong><span style=\"text-decoration: underline;\"><span style=\"font-family: verdana, geneva, sans-serif; font-size: 12pt; color: #800000;\"><a style=\"color: #800000; text-decoration: underline;\" href=\"http:\/\/www.docfritz.de\/\" target=\"_blank\">Zur Website von Tim Liebert<\/a><\/span><\/span><\/strong><\/div>\n<div class=\"text\"><\/div>\n","protected":false},"excerpt":{"rendered":"<p>Bass- und Diskant-Waldzithern, Fl\u00f6te , Mundharmonika, Gesang Aufgewachsen im Vogtland an der Grenze zwischen Th\u00fcringen und Sachsen, bekam Tim Liebert seine musikalische Pr\u00e4gung nicht nur durch die recht intakte Traditionspflege dieser Gegend, sondern auch durch den Folk-Revival der 80er Jahre. Nach ersten Gehversuchen mit deutscher Folk-Musik entwickelte er, v.a. durch einen l\u00e4ngeren Aufenthalt in den &hellip; <\/p>\n<p><a class=\"more-link btn\" href=\"https:\/\/www.songs-of-heimat.de\/index.php\/tim-liebert\/\">Weiterlesen<\/a><\/p>\n","protected":false},"author":2,"featured_media":0,"parent":0,"menu_order":0,"comment_status":"closed","ping_status":"closed","template":"","meta":{"footnotes":""},"class_list":["post-344","page","type-page","status-publish","hentry","nodate","item-wrap"],"_links":{"self":[{"href":"https:\/\/www.songs-of-heimat.de\/index.php\/wp-json\/wp\/v2\/pages\/344","targetHints":{"allow":["GET"]}}],"collection":[{"href":"https:\/\/www.songs-of-heimat.de\/index.php\/wp-json\/wp\/v2\/pages"}],"about":[{"href":"https:\/\/www.songs-of-heimat.de\/index.php\/wp-json\/wp\/v2\/types\/page"}],"author":[{"embeddable":true,"href":"https:\/\/www.songs-of-heimat.de\/index.php\/wp-json\/wp\/v2\/users\/2"}],"replies":[{"embeddable":true,"href":"https:\/\/www.songs-of-heimat.de\/index.php\/wp-json\/wp\/v2\/comments?post=344"}],"version-history":[{"count":9,"href":"https:\/\/www.songs-of-heimat.de\/index.php\/wp-json\/wp\/v2\/pages\/344\/revisions"}],"predecessor-version":[{"id":680,"href":"https:\/\/www.songs-of-heimat.de\/index.php\/wp-json\/wp\/v2\/pages\/344\/revisions\/680"}],"wp:attachment":[{"href":"https:\/\/www.songs-of-heimat.de\/index.php\/wp-json\/wp\/v2\/media?parent=344"}],"curies":[{"name":"wp","href":"https:\/\/api.w.org\/{rel}","templated":true}]}}